p(-5)?
5
Let h(l) = l**3 - 6*l**2 + 5*l - 1. Let v be (5/35*21)/((-3)/(-4)). What is h(v)?
-13
Let o(z) = -z**3 + 2*z**2 - 2*z + 3. Let l(u) = u**2 + 5*u - 3. Let h be l(-6). Let t be 154/198 + 4/18. Suppose h - t = a. Give o(a).
-1
Let r(k) = 3*k**3 - 2*k**2 + 5*k + 6. Let s(p) = -4*p**3 + 4*p**2 - 5*p - 6. Let z(t) = -5*r(t) - 4*s(t). What is z(6)?
-36
Let p(t) = -t**3 + 4*t**2 + 8. Let j be p(4). Let s(y) = -y**3 - y**2 - y. Let q be s(-1). Let a(m) = 4*m + q + 4*m - m - j*m. Calculate a(-4).
5
Let d(f) = 0*f + 3 - 2*f + 3*f - f**2. Suppose 5*y = -u + 9, -u + 3*y + 17 = 4*u. Suppose 3*o + 30 = 5*i, u*o + 14 = -6. Calculate d(i).
-3
Let q = -10 - -16. Let t = -3 + 4. Let d(y) = -2*y**2 - 5*y + 3. Let f(u) = -u**2 + u - 1. Let w(c) = t*d(c) - 3*f(c). What is w(q)?
-6
Let q be (-2)/((-160)/25 - -6). Let o(s) = s**3 - 4*s**2 - 3*s - 4. Calculate o(q).
6
Let c(o) be the first derivative of -9/2*o**2 + 4*o - 1/4*o**4 + 26 + 3*o**3. What is c(8)?
-4
Let j(w) = -2*w + 8. Suppose 3*r - 117 = 3*y - 18, 0 = 2*r - 3*y - 64. Suppose -24*i + 19*i = -r. What is j(i)?
-6
Let x(g) = -5*g**2 + 162 - 492 + 161 - 5*g - g**3 + 165. Determine x(-4).
0
Suppose -2*f + 2 = -3*f + d, -4 = 2*f + 4*d. Let c be f*((-1)/2 + -3). Let j(b) = 2*b - 5. Determine j(c).
9
Let n(u) = -u + 2. Let z = 14 + -19. Let q be z - (2 + -2)*(-3 - -2). Determine n(q).
7
Let l(u) = u**2 - u - 13. Suppose -3*k + c = -20, 8 = -4*k - 3*c + 13. Calculate l(k).
7
Let v(i) = -3*i - 3. Let t(r) = 4*r + 14. Suppose 4*n - 3 = 93. Suppose 0 = -h - 5*h - n. Let k be t(h). What is v(k)?
3
Let x(c) = 4*c - 1. Let p = 17 - 10. Suppose -u + p*u - 6 = 0. Calculate x(u).
3
Let o(i) = -i - 3. Let z = -45 - -46. Let f be -2 - z*(-6 + 4). Calculate o(f).
-3
Suppose -8*f = 3*f + 66. Let t(a) = -a**3 - 6*a**2 + a + 4. Let w be t(f). Let v(u) = -u + 0 + 0 - 2. Calculate v(w).
0
Let u(j) = -j**3 + j**2 - 1. Let o(s) = 6*s**3 - 9*s**2 + 2*s + 8. Let b(w) = -o(w) - 5*u(w). Give b(3).
0
Suppose 4*v + 14*x - 13*x = 0, -4*x = -2*v + 18. Let t(y) = y - 3. Give t(v).
-2
Suppose 2*c + 3*c - 15 = 0. Suppose -4*x - 20 = -2*x + c*r, 32 = -4*x - 4*r. Let l(s) = s**3 + 4*s**2 - 2*s - 1. What is l(x)?
7
Let a(h) be the third derivative of 0 + 1/6*h**3 + h**2 + 1/8*h**4 + 0*h. Let j(w) = 13*w + 51. Let x be j(-4). Give a(x).
-2
Let a(z) = -z**3 + 2*z**2 + z + 3. Let v(u) = u**3 + 49*u**2 + 96*u + 96. Let k be v(-47). Calculate a(k).
5
Let g = 5 + 2. Let f(s) = s**2 - 10*s + 2. Let z(h) = 2*h**2 - 21*h + 4. Let a(l) = 7*f(l) - 3*z(l). Let m be a(g). Let q(c) = 2*c**2 - c + 1. Calculate q(m).
7
Let h be 5 - (0 - (2 + -1)). Let w(r) = h*r - 1 - 39*r**2 - 37*r**2 + 75*r**2 + 0. Determine w(6).
-1
Let o(z) = -2*z**2 + 5*z - 2. Let q be ((-2)/4)/((-1)/6). What is o(q)?
-5
Let w(l) = 7*l**2 - l - 19. Let r(j) = 12*j**2 - 4*j - 38. Let k(b) = 4*r(b) - 7*w(b). Give k(-6).
-1
Let j = 32 + 8. Let t be ((-6)/(-5))/(12/j). Suppose -6 + 30 = -t*l. Let w(s) = -s**2 - 6*s - 5. Determine w(l).
-5
Let b = -497 + 5965/12. Let s(u) be the second derivative of -6*u + 0 - 2*u**2 - b*u**4 + 5/6*u**3. Calculate s(3).
2
Let j(l) = 2*l**3 - 2*l - 1. Suppose 2*q - 7 = 3. Suppose z + q = h + 3*z, 3*z = h. Let i be -1*(h - 1 - 1). Give j(i).
-1
Suppose 8*m = 4*m - 44. Let z = m - -15. Let a(n) = 4 - 2*n**2 + 0 + 0*n + 4*n. What is a(z)?
-12
Let s(l) be the third derivative of l**4/24 + l**3 + 71*l**2. Calculate s(-8).
-2
Let p be 741/(-52) + 7/(-4). Let g(s) = -s**2 - 16*s - 14. Give g(p).
-14
Suppose -21 = -0*z - 3*z. Suppose 2*t - w = 2*w - 7, -5*t + 4*w = z. Let l(n) = -t - 3 - 5*n**2 - n**3 + 3 - 6*n. Calculate l(-4).
7
Let l(s) = -s**3 + 4*s**2 + 7*s - 3. Suppose -5*k = -2*k + 4*b + 96, 4*k = 2*b - 106. Let m be (-105)/k*4/3. Calculate l(m).
7
Suppose -2*c = 5*c. Suppose i + 4*i - 25 = c. Let h(r) = 1 - r**3 - 3*r + i - 6*r**2 - 3 - r. Give h(-5).
-2
Let d(x) = 2*x**2 + 16*x + 8. Suppose -b + 51 - 58 = 0. What is d(b)?
-6
Suppose -32 = -4*q - 3*f, q + 12 = 4*f + 1. Let u(w) be the first derivative of w**2/2 - 5*w + 729. Determine u(q).
0
Let v(y) be the third derivative of -1/40*y**5 - 1/360*y**6 + 0 - 2*y**2 + 1/2*y**3 - 1/8*y**4 + 0*y. Let p(f) be the first derivative of v(f). Calculate p(-2).
-1
Let o(f) = -f**3 - 5*f**2 - f + 4. Let z be o(-2). Let p(n) be the second derivative of 0 - 1/20*n**5 - 7/12*n**4 - 7/6*n**3 - n - 5/2*n**2. Give p(z).
1
Let k(c) = c**2 + 4*c. Suppose 0 = 6*g - 5*g - 5. Suppose -g*r + r = 0. Let l be 3/(-1) + r/2. Give k(l).
-3
Let v(n) = -n**3 - 5*n**2 - n - 11. Let w = 559 + -564. Calculate v(w).
-6
Let u(y) = -y**2 - 12*y - 2. Let s be u(-4). Suppose -3*n + s = 12. Let i(m) = m**2 - 6*m. Give i(n).
0
Let o = -71 + 77. Let j(k) = -k**3 + 7*k**2 - 6*k + 4. What is j(o)?
4
Let j be ((-21)/(-6) - 4)*(2 + 6). Let z(n) = 2*n - 2. Suppose 9*c - 5*c = 36. Let g(p) = -p + 1. Let r(q) = c*g(q) + 4*z(q). Calculate r(j).
5
Let x = 5 + -2. Let q(i) = 0*i + 15 - i - 26 + 3 + 16. Determine q(x).
5
Let f(k) = k**2 - 3*k - 5. Let y be f(4). Let u be (-1)/2*(y + -3). Let b(j) = 1958*j + 2 + 1950*j - 3907*j. Calculate b(u).
4
Let b(g) = -5*g**3 - 9*g**2 + 3*g - 4. Let n(i) = 14*i**3 + 24*i**2 - 9*i + 11. Let u(k) = 11*b(k) + 4*n(k). Determine u(4).
4
Suppose -3*g - 3 = -j, -4*j - 4 = -3*g + 7*g. Let f = 1 - j. Let y(x) = 5*x - 1. What is y(f)?
4
Let f(s) = 3*s + 2. Let z be -3 - (2 + 8*-1). Suppose -3*a - 32 = -5*x, z*a - 3*x = 1 - 25. What is f(a)?
-10
Let j(t) = 281*t - 568*t + 270*t + 1 - 3. Determine j(1).
-19
Let b(o) = 10*o - 3. Let c(j) = 11*j - 3. Suppose -3*i - i = 5*n + 4, i = -4*n + 10. Let k(s) = i*b(s) + 5*c(s). Determine k(-4).
23
Let t(f) = -2*f**3 - 5*f**2 + 2*f. Let x = -260 - -256. Give t(x).
40
Let x be (290/(-26) - -11)*-39. Let j(p) be the third derivative of 0*p + 0 + 13*p**2 - 1/120*p**x - 1/24*p**4 + 0*p**5 - 1/6*p**3. Determine j(0).
-1
Let d(i) = i**3 + 6*i**2 + 3*i - 2. Suppose -11*p - 60 = -16*p. Suppose 4*h = -2*w - p, 2*h - 3*w + 18 = 4. Calculate d(h).
18
Let r(s) be the second derivative of -s**3/3 - s**2/2 + 15*s. Let w be r(1). Let f(q) = q**2 + 2*q - 3. What is f(w)?
0
Let m(w) = -w**2 - 4*w + 6. Let t = 911 - 918. What is m(t)?
-15
Let d(k) be the third derivative of -k**5/60 - k**4/12 + 34*k**2 - k. Determine d(-4).
-8
Let s(d) = -d - 2. Let k(z) = 6*z**2 - 6*z - 2. Let x be k(3). Suppose 3*w = -a + 23, -x = -4*w - a - 3. Suppose w*u = 11*u - 15. Give s(u).
-7
Let j(v) = -2*v**3 + v**2 - 1. Let l(d) = -d**3 - 5*d - 3. Let q be l(-2). Let t be 6*10/q + -3. Let h be t/(3 - 6 - -2). Give j(h).
2
Let g(c) = c**3 - 2*c**2 - 2*c + 10*c**2 - 5*c**2 + 2. Determine g(-3).
8
Let d(o) = -5*o + 5. Let x(h) = 8*h - 8. Let m(b) = -7*d(b) - 5*x(b). Let p be m(2). Let y(r) = r**2 + 6*r - 4. Calculate y(p).
-9
Suppose 5*p = 5*o - 10, -o - 2*p = -0*o - 5. Let u be 2/4 - o/6. Let m(h) = h**3 + h**2 + 5. Determine m(u).
5
Let y = -18 + 15. Let g be y + (-1)/((-3)/(-9)). Let k(b) = -4*b - 8. Calculate k(g).
16
Let x(k) = 6*k + 21. Suppose 14*q = 11*q - 21. Determine x(q).
-21
Let m(r) = -5*r**3 + 11*r**2 - r. Let t(k) = -11*k**3 + 23*k**2 - k - 1. Let n(q) = -13*m(q) + 6*t(q). Determine n(-6).
-12
Suppose -573 - 915 = -124*w. Let f(h) = h**3 - 13*h**2 + 15*h - 4. Calculate f(w).
32
Let k(g) = g**3 + 8*g**2 + 10*g + 7. Let q be 19/57 - (-38)/(-6). Give k(q).
19
Let s(o) be the first derivative of -o**3/3 + 3*o**2/2 + 8*o - 13. Suppose -4*j + 30 = 3*i, 4*i - 18 = -3*j + 8. Determine s(j).
-10
Let h(b) = -2*b**3 + b**2 - 1. Let c = -68 + 73. Suppose 0*p - f = -5*p + 9, -2*f - 13 = -c*p. Determine h(p).
-2
Let k = 529 - 524. Let g(o) = -4*o + 30. Give g(k).
10
Let f(d) be the second derivative of d**5/120 - d**4/24 + 9*d**3/2 + 6*d. Let s(g) be the second derivative of f(g). Determine s(3).
2
Suppose -14*n + 9*n + 15 = 0. Suppose 3*f + 13 = 2*v - 11, -n*f = -v + 21. Let j(c) = c - 4*c + 2 - c**2 - 5*c. Calculate j(f).
14
Let j(l) = l**3 - 6*l**2 - 6*l - 9. Let i(n) = 30*n + 2. Let x be i(-1). Let a be x/(-10)*(30/12)/1. What is j(a)?
-2
Let u(i) be the first derivative of -18 - 2*i - 1/2*i**2. Determine u(-2).
0
Let a(c) = 3*c - 363 - 362 - c**2 + 732. Determine a(3).
7
Let s be -2 + 1 - -6*4/6. Let r(q) = 3*q + s - 10*q**2 + 26*q**3 + 6*q + 0*q**2 - 25*q**3. Give r(9).
3
Let s(t) be the first derivative of -t**2/2 - 8*t